emainder when n is divided by 14?
12
Let l = 14537 + -14521. Calculate the remainder when 397 is divided by l.
13
What is the remainder when 2287 is divided by (8 + -9)/(-2)*56 + -2?
25
Calculate the remainder when 286 is divided by 9 + 0 + 41 + -20.
16
Let m = -99 + 10. Let h = m + 56. Calculate the remainder when -5 - 1 - -3 - h*1 is divided by 4.
2
Suppose 0 = 5*c - 1 - 39. Suppose -5*b + 34 = 3*w, -2*w - 4*b + 29 = -7*b. Let f = w - c. What is the remainder when 9 is divided by f?
4
Let u = 53 - 45. Let g(j) = 54*j + 53. What is the remainder when g(u) is divided by 27?
26
Let b = 364 - 339. What is the remainder when (5 + -7)/(-1 - (-69)/71) is divided by b?
21
Let o(u) = -2*u**2 + 9*u - 4. Let c be o(4). Suppose c = 6*r - 19 + 13. What is the remainder when 38 is divided by (r*(-4)/(-10))/((-4)/(-40))?
2
Let j = 98 + -108. Calculate the remainder when 26 is divided by ((-65)/j - 6)/((-2)/(-28)).
5
Suppose -15*y - 3*u + 457 = -14*y, -4*y + 4*u = -1844. What is the remainder when y is divided by 8?
4
Let l = 23540 + -23489. What is the remainder when -4*19*(-4 - 0) is divided by l?
49
Suppose 5*c + 18 = -2*l + 67, -50 = -5*l + 2*c. Let d(s) = -14986*s + 23. What is the remainder when d(0) is divided by l?
11
Calculate the remainder when ((-16819)/396 - (-3 - 75/(-27)))*-4 is divided by 154.
15
Let h(s) = -s + 20. Let d = 454 - 380. What is the remainder when d is divided by h(14)?
2
Let m(v) = 119*v - 84. Calculate the remainder when 663 is divided by m(1).
33
Let r = -2417 + 2493. Calculate the remainder when 5394 is divided by r.
74
Calculate the remainder when 224 is divided by (-276)/(-3) - (-8 + 8).
40
Let o(l) = 2*l + 6. Suppose 3*w - 3*g + 15 - 93 = 0, -w - 5*g = 4. Suppose 55 = w*y - 16*y. What is the remainder when o(7) is divided by y?
9
Let t be 3 + (0/(-3) - 1) + 4. Let u(w) = -w**2 + 8*w + 10. Let v be u(t). Suppose 0 = -6*g + 20 + v. What is the remainder when 88 is divided by g?
4
Suppose 2*d + 2*d = -5*m - 36, 5*m = -3*d - 32. Let l(g) = -g. Let v(h) = 3*h + 12. Let i(w) = 5*l(w) - v(w). What is the remainder when 56 is divided by i(d)?
16
Suppose t = 3*l - 55, 0*l - 3*t - 46 = -2*l. What is the remainder when 220/264*(-3 - -122 - 5) is divided by l?
10
Suppose -2*k = -n - 14, -10 = 4*n - 18. Let d = 3 + 1. Suppose 2*s - 42 = d*p, 2*s = p + 44 + 10. What is the remainder when s is divided by k?
5
Let z = 51 - 30. What is the remainder when z is divided by -85 + 80 - (-3 + -11)?
3
Let n(u) = 20*u - 70. Let s be 8 - (-4)/6*(9 + -12). Calculate the remainder when n(s) is divided by 128/5 + (-32)/(-80).
24
Let j be (-3 - -6) + 5/((-20)/(-4)). Suppose -5*z - 5*b + 490 = 0, 6*z + 296 = 9*z + j*b. What is the remainder when z is divided by 46?
4
Let j be -4 - -467*2/2. Let h = 608 - j. Calculate the remainder when h is divided by 21.
19
Let b = 4665 + -4540. Calculate the remainder when 516 is divided by b.
16
Let c = -8517 - -8658. Calculate the remainder when 446 is divided by c.
23
Suppose -m + 0*m = -2*n + 121, -4*m - 179 = -3*n. Calculate the remainder when 416 is divided by n.
50
Suppose -735*l + 783*l - 6432 = 0. Calculate the remainder when 3349 is divided by l.
133
Let c be 14 + (-2)/(-2)*1. Let m(f) = -c + 331*f - 322*f + 0. What is the remainder when 81 is divided by m(3)?
9
Suppose 19*f = 22*f - 237. What is the remainder when f is divided by 20?
19
Suppose 997 = 14*n - 10*n + 5*v, 5*v = n - 268. Suppose 2*m - 35 + 5 = 0. Calculate the remainder when n is divided by m.
13
Let u(z) = z**2 - 10*z + 24. Let y be u(7). Suppose t = 20 + y. Suppose -d + j + t = -42, 0 = -2*d - 3*j + 130. Calculate the remainder when d is divided by 17.
14
Let b(a) = 20*a**3 - 24*a**2 + 32*a - 14. Let f(s) = -7*s**3 + 8*s**2 - 11*s + 5. Let p(z) = 5*b(z) + 14*f(z). What is the remainder when p(5) is divided by 27?
26
Suppose -42*o + 51*o = 0. Suppose -5*q - 606 - 689 = -5*j, 4*j - 5*q - 1036 = o. What is the remainder when j is divided by 62?
11
Let n be ((-3)/(-2))/(60/40). What is the remainder when -2 + -1 + n + (-501)/(-3) is divided by 7?
4
Suppose 122202*y + 165 = 122213*y. Let r = -11 - -7. What is the remainder when (-70)/r*48/15 is divided by y?
11
Suppose 3*f - 248 = 220. Suppose -4*m - z + 82 = 0, -5*z + 90 = 44234*m - 44230*m. Calculate the remainder when f is divided by m.
16
Let r(z) = 3*z**2 + 25*z - 15. Let x be r(-9). Suppose 3*k + 2*k = -x*c + 470, -82 = -k - 3*c. What is the remainder when k is divided by 24?
1
Let b(c) = -3*c + 15. Let u be b(4). Suppose -u*t - 111 + 498 = 2*v, 4*v + 4*t - 780 = 0. What is the remainder when v is divided by 10?
8
Let m(f) = 241*f**3 - 6*f**2 - 4*f + 2. Let n be m(-1). Let o = -91 - n. Calculate the remainder when o is divided by 52.
46
Let o(c) = c**2 - 2. Let z(r) = 4*r**2 - 2*r - 33. Let a(h) = 5*o(h) - z(h). What is the remainder when a(6) is divided by 28?
15
Let j = 2576 - 2440. Calculate the remainder when 510 is divided by j.
102
Let q = 31 - 18. Let m(k) = 5*k**2 - 4*k. Let s be -1 + -2 + 0 + 7. Calculate the remainder when m(s) is divided by q.
12
Let w(u) = -u - 1. Let p(q) = 16*q - 62. Let b(r) = p(r) - 2*w(r). Calculate the remainder when 56 is divided by b(4).
8
What is the remainder when 385 is divided by -1*(-830)/45 - 4/9?
7
Let v(w) = w**3 - 141*w**2 + 814*w + 6. What is the remainder when 1878 is divided by v(6)?
18
Calculate the remainder when 701 is divided by (3/(-4))/((-13)/((-28600)/(-30))).
41
What is the remainder when 3412 is divided by 9/((741/(-95))/(-13))?
7
Let r = 294 - 246. Calculate the remainder when 462 is divided by r.
30
Suppose -l - 709*i + 320 = -711*i, 0 = 4*i + 20. What is the remainder when l is divided by 103?
1
Let c(u) be the third derivative of 0*u - 14/3*u**3 + 13*u**2 + 7/12*u**4 + 0. What is the remainder when c(4) is divided by 6?
4
Let b be (-2 - -2)/(-4) - -2. Suppose -b*i + 92 = -2*z, -6*i + 4*z + 233 = -i. Calculate the remainder when i is divided by ((-52)/7)/((-114)/399).
23
Suppose 5*t - 8 - 2 = 3*u, -4*t = -u - 8. Calculate the remainder when (49 + t)/((-6)/(-4)) is divided by (-6 + 8)/(2/9).
7
Suppose -2*g + 18*g = 8*g + 6120. What is the remainder when g is divided by 63?
9
Let t(n) = -n**3 - 18*n**2 + 39*n + 29. Let i be t(-20). Let g = 56 - i. Calculate the remainder when 45 is divided by 1100/70 - (-2)/g*1.
13
Suppose -6*m + 11*m - 10 = 0, 3*m = -r + 10. Suppose -w + h + 23 = -4*h, 3*w + r*h = 145. Calculate the remainder when w is divided by 12.
7
Let b(l) = 14*l**3 - 11*l**2 + 8*l + 17. Calculate the remainder when b(4) is divided by 37.
29
Let q = -41408 + 41462. What is the remainder when q is divided by 20?
14
Let t be 11/2 - ((-78)/12 + 7). Suppose -t*l - 153 = 122. What is the remainder when 55 is divided by l/(-4) - 2/32*-4?
13
Suppose 0 = -5*x + 5*t + 1620, 3*t - 7 + 10 = 0. Let d(v) = -3*v**2 + 38*v - 1. Calculate the remainder when x is divided by d(11).
53
Suppose -255 = -3*u - 5*i, 40*u - 83 = 39*u - 2*i. Calculate the remainder when 311 is divided by u.
26
Let v = 57 + 105. Let o = 428 + v. Suppose 2*m = -3*m - k + 590, -5*k + o = 5*m. Calculate the remainder when m is divided by 20.
18
Let h(o) = -o**3 + o**2 - 2*o - 10. Let t be (1*(-4)/8)/(4/24). What is the remainder when h(t) is divided by 21?
11
Suppose 0 = -4*a + 102 - 6. What is the remainder when 18/(-270) - (-68784)/360 is divided by a?
23
Let u = 968 + -765. Let m = u - 132. Calculate the remainder when m is divided by 26.
19
Suppose 587 = 3*s + 5*h, 2*s = 2*h + 142 + 228. Calculate the remainder when 637 is divided by s.
70
Let f be 114 - (6 - 12/3). Suppose 119*u - f = 117*u. Calculate the remainder when 150 is divided by u.
38
Let w(u) = -u**3 - 5*u**2 - 5*u - 7. Suppose -195 - 725 = -10*d. Suppose -89*h - 84 = -d*h. What is the remainder when h is divided by w(-5)?
10
Let z be 2/(-5) + 5/75*51. Suppose -z*r = -2*d + 20, 3*d = r - 8 + 17. What is the remainder when 57 is divided by 276/18 + 2/r?
12
Suppose -5*x - 80 = -80. Suppose 134 = 2*n + 2*j, 0*n + n + 3*j - 71 = x. Calculate the remainder when 517 is divided by n.
62
Let r = 6 + 4. Let k = -40522 + 40568. Calculate the remainder when k is divided by r.
6
Let p(z) = -z**3 - 6*z**2 - 2*z + 11. Let m be p(-5). Let r be (-3)/(m + (357/(-12))/(-7)). Let o = 22 - r. What is the remainder when 13